 7*r**2 + 4*r - 1. Let w be p(7). What is the tens digit of (-6)/w - 310/(-18)?
1
Let k(x) = 27*x - 1. Let i be k(1). Let p = i - 22. Suppose h + p*u = -0*h + 9, 45 = 2*h - u. What is the units digit of h?
1
Suppose -b = -2 + 1. Suppose -4*u - 2 = 5*l, l + 2*u = -5 + b. Suppose 2*q = 4*r - 84, 5*q - 8 = l. What is the tens digit of r?
2
Let o(y) = 1146*y**2 + 26*y + 50. What is the tens digit of o(-2)?
8
Let q = -37 + 60. Suppose 0 = 5*j + 3 - q. Suppose -j*w - 4*o + 26 = -66, -2*w + 5*o = -11. What is the units digit of w?
8
Suppose -5*n - 18248 = -4*x, -3*x + 7905 = 4*n - 5750. What is the tens digit of x?
5
Let p(z) = 9*z - 4. Let f be ((-12)/28 + 3)/((-6)/(-28)). What is the tens digit of p(f)?
0
Let h be (-30)/(-9)*(-1 - (-85)/25). Suppose -62 = -h*r + 610. What is the tens digit of r?
8
Suppose -w = 4*w - 30. Suppose b - 7 = -4*a, 0 = -4*b + 6 + w. What is the tens digit of 4/(-2) - (a - 21)?
1
Let q(i) = i**3 - 30*i**2 - 55*i - 112. What is the hundreds digit of q(32)?
1
Let p be (-4 - (4 - 6)) + -2. Let z(n) = -3*n - 8. What is the units digit of z(p)?
4
Let s = -30 - -33. Suppose z = s*z - 50. What is the tens digit of z?
2
Let y(v) = -6*v**3 + 3*v**2 + 5*v + 18. What is the units digit of y(-4)?
0
Suppose 2*z + 3 - 7 = -w, 20 = -5*z + 5*w. Suppose z = -4*p + p + 27. What is the tens digit of (3/p)/(1/87)?
2
Suppose -20360 = 12*s - 52*s. What is the units digit of s?
9
Let j = -38 - -77. What is the units digit of 13/(j/12)*14/4?
4
Let y be -2*(-13)/3*9. Let x be y/30 + (-6)/10. Suppose 2*k - x*f = -2*k + 34, -5*f = -k - 5. What is the units digit of k?
0
Let h be ((-168)/(-98))/(2/7). Suppose z = h*z + 20. What is the tens digit of ((-10)/6)/(z/72)?
3
Suppose 6*z - 6857 - 5305 = 0. What is the thousands digit of z?
2
Let d(x) = -x**2 + 5*x + 2 - 6 + 1 - 1. Let j be d(5). What is the units digit of 6/((32/(-44))/j)?
3
Suppose 5*v - 4*v - 692 = -3*j, -v - 2*j = -692. What is the units digit of v?
2
Let d(a) = -a**2 - 1. Let h(z) = -4*z**2 - 16*z - 4. Let f(n) = -3*d(n) + h(n). Let q be f(-14). Suppose -r = 2 - q. What is the tens digit of r?
2
Suppose -36*z = -18*z - 28044. What is the thousands digit of z?
1
Suppose 0 = -2*m + 3*n + 61 + 35, 20 = -5*n. What is the units digit of m?
2
Suppose -4*t - 13067 = -3*q, -3*q = -5*q - 5*t + 8673. What is the thousands digit of q?
4
Suppose 7 = -4*t - 9. Let o be t/(1/((-1)/2)). What is the tens digit of (o - 4 - -19)/1?
1
Let i = 3 - -33. Suppose -411 + i = -3*x. What is the hundreds digit of x?
1
Suppose 7*a + 22*a = 957. What is the units digit of a?
3
Let p(x) = -x**2 - 1. Let n(q) = 13*q**2 + q + 2. Let j(u) = n(u) + 2*p(u). What is the tens digit of j(1)?
1
Let z be (-16 - -13)*((-754)/3 + 0). Let h = z - 538. What is the hundreds digit of h?
2
Let v be 1/2 - 507/26. Let t = v - -28. What is the units digit of t?
9
Suppose -15*t + 2905 = -14480. What is the hundreds digit of t?
1
Suppose -3 + 19 = -4*q. Let d(h) = 0*h - 8*h - 2 - h - h**2. What is the tens digit of d(q)?
1
Let r(g) = -3*g - 16. Let d = 1 + -1. Let k be -3 - (7 - (4 + d)). What is the units digit of r(k)?
2
What is the tens digit of (-237)/((-2)/4 - (-3)/(-3))?
5
Let t(f) = -6*f - 22. Let l(s) = -6*s - 25. Let i(u) = -3*l(u) + 4*t(u). Let v(d) = -d**3 + 2*d**2 + 2. Let k be v(3). What is the units digit of i(k)?
9
Let p(h) be the first derivative of 4*h**2 - 2*h + 3. Let x(y) = -8*y + 2. Let v(r) = -6*p(r) - 5*x(r). What is the tens digit of v(-2)?
1
Let r be 1 + (4 - (-21 + 4)). Let c = r - 18. What is the units digit of c?
4
Let w(l) = 2*l**2 - 2*l - 32. What is the hundreds digit of w(-9)?
1
Let w be (14 - 5)/((-6)/(-152)). Suppose 2*m + w = 8*m. What is the tens digit of m?
3
Let h = -7 - -10. Suppose 2 = s + w, 5 = 4*s - h*w + 4*w. What is the units digit of 2/s*(-55)/(-10)?
1
What is the thousands digit of -1*((-28467)/24 - 6/(-48))?
1
Let j be 21/4 + 24/32. Suppose -174 = j*x - 9*x. What is the tens digit of x?
5
Suppose 2*w + 2*g = 4, -g + 60 = 5*w - 6*g. Suppose w*k - 1082 + 438 = 0. What is the tens digit of k?
9
Let x(v) = v**3 - 8*v**2 - 3*v - 89. What is the hundreds digit of x(12)?
4
Suppose 2*y + 40 = -5*j - 14, 4*j + 30 = 5*y. Let q(b) = -b**2 - 9*b + 13. What is the units digit of q(j)?
3
What is the tens digit of ((-12)/(-10))/(14/((-48020)/(-42)))?
9
Let c(g) be the second derivative of g**4/12 - 8*g**3/3 + 22*g**2 - 12*g. What is the units digit of c(13)?
5
Suppose 18*c = 19*c - 1846. What is the hundreds digit of c?
8
Suppose -5*c - 3 = -2*v - 117, -9 = -3*v. Let f = c + -21. What is the units digit of (-1 - -35) + (f - 2)?
5
Suppose -2*i + 3 + 5 = 4*q, 4 = 2*q. Suppose i = -2*z - 2*z + 20. What is the units digit of z?
5
Let b = -344 + 817. What is the tens digit of b?
7
Let w be (-10)/(-2) + -1 - 1. Suppose -2*a - 2*v + 7 + 17 = 0, 0 = 4*a + w*v - 49. What is the tens digit of a?
1
Let c be (-50)/(-6) + 1/(-3). Let t = -7 + c. What is the units digit of t + (-1)/2*0?
1
Suppose 5*y - s + 5*s + 13 = 0, 2*y = 3*s + 4. What is the units digit of (-9*y/3)/(3/8)?
8
Let h = -237 - -353. Suppose 0 = 4*v - v + 3*c - 156, 3*v - 5*c - h = 0. What is the tens digit of v?
4
Let c(k) = 8*k**2 - 2*k - 4. Let f(h) = -9 - 7*h**2 + 3*h + 15 - 2. Let y(a) = 6*c(a) + 7*f(a). What is the units digit of y(6)?
2
Suppose -6*w = -5*w - 112. Let n = w - 11. What is the tens digit of n?
0
Let i be (-104)/(-12) - 2/(-6). Suppose t - i = -4*p + 2*t, -2*t + 2 = 2*p. Suppose -h + 3*o = -42, -24 = -p*h - 3*o + 24. What is the tens digit of h?
3
Suppose 4*v = -4*z - 28, 2*z + v = -3*z - 15. Let a be z + (3 - 2 - -12). What is the units digit of 13/a - 2/11?
1
Let k be 5 - 2 - (-2 + (6 - 4)). Suppose 6 = -k*o + 4*m, 2*o - 4*m = -2*o - 4. What is the units digit of o?
2
What is the units digit of ((-6352)/24)/(-1)*3?
4
Suppose -3*u + 2*u = -2. Suppose -y = -1, -5*h + 17 = -u*h + 5*y. Suppose -h*m - 12 = -8*m. What is the units digit of m?
3
Let u = 14 + 0. Suppose -3*n = -u - 73. What is the units digit of n?
9
Let v(r) = -2*r - 11. Let p be v(-8). Suppose 0 = -11*q - p*q + 1856. What is the hundreds digit of q?
1
Suppose 2*r + 5*q + 5 = 15, 2*r - 10 = -2*q. Suppose -r*n + 172 + 193 = 0. What is the units digit of n?
3
Let l(q) = -6*q**2 - 2*q + 7. Let r(t) = -3*t**2 - t + 3. Let s(p) = -2*l(p) + 5*r(p). Let u be s(-2). What is the units digit of (20/(-3))/(2/u)?
0
Let a = 61 + -56. Suppose -a*w = -4*c + 215 + 24, c = 4*w + 68. What is the units digit of c?
6
Suppose 0 = 11*t + 7*t - 10116. What is the hundreds digit of t?
5
What is the units digit of (1 + (-13)/5)/(6/(-13380))?
8
Let p be (-2012)/12 - 4*3/36. Let g = -69 - p. What is the units digit of g?
9
Let n = 3081 - 1902. What is the units digit of n?
9
Let x(f) = -f**2 - 6*f + 2. Let o = 2 - 4. Let i = -7 - o. What is the units digit of x(i)?
7
Suppose 5*f = 5 + 10. Suppose 0 = -7*n + f*n - 8. Let i(d) = -8*d - 5. What is the tens digit of i(n)?
1
Let b(t) = t**2 - 4. Let q be b(2). What is the units digit of q + 0 - (-871)/13?
7
Suppose 0 = -2*b + s + 3130, 4*b - 6272 = 9*s - 13*s. What is the thousands digit of b?
1
Let a be 10 + (-15)/3 + 2. Suppose -3*f = -a*f + 104. Suppose 2*v = -2*v - 3*w + 25, f = 5*v + 2*w. What is the units digit of v?
4
Let b = 9 + -1. Suppose -5*i - b + 3 = 0. Let k = 38 + i. What is the tens digit of k?
3
Let t be (-27)/(-9) + (-3 - -3). Let b be 0/((2 + -1)*-2). Suppose -t*w = k - 28, 0 = -2*w + 3*k - b*k + 26. What is the units digit of w?
0
Let i(a) = 20*a**2 - 29*a + 196. What is the hundreds digit of i(8)?
2
Suppose -2*n + 153 = -81. Suppose 4*o - 159 = 4*z + 117, 0 = -2*o - 5*z + n. What is the tens digit of o?
6
What is the units digit of 472 + (3 - (-30)/(-6))?
0
Let l(i) = 4*i**2 - 142*i - 93. What is the units digit of l(42)?
9
Let a be (22/10 - 2)/(1/5). Let m(d) = 109*d - 4. What is the units digit of m(a)?
5
Suppose 15*d = 24672 + 7308. What is the hundreds digit of d?
1
Let l = -19 - -15. Let a(h) = 5*h**2 + 6*h + 4. What is the units digit of a(l)?
0
Let k(i) = -3*i**3 - 75*i**2 - 21*i + 44. What is the tens digit of k(-25)?
6
Let v be 2 + -27 + (9 - 7). Let w = v - -27. Suppose g - w*z + 6 = -0*g, -3*g - z + 47 = 0. What is the tens digit of g?
1
Suppose 2 - 14 = -6*t. What is the hundreds digit of -4 + 0 + 115 - 2/t?
1
Suppos